{"id":6,"date":"2020-04-25T23:58:29","date_gmt":"2020-04-25T21:58:29","guid":{"rendered":"http:\/\/freshtomato.pl\/mobil\/wordpress\/?page_id=6"},"modified":"2020-04-30T10:42:42","modified_gmt":"2020-04-30T08:42:42","slug":"zapisy","status":"publish","type":"page","link":"http:\/\/auto-mobil.com.pl\/index.php\/zapisy\/","title":{"rendered":"ZAPISY ON-LINE"},"content":{"rendered":"\t\t<div data-elementor-type=\"wp-page\" data-elementor-id=\"6\" class=\"elementor elementor-6\" data-elementor-post-type=\"page\">\n\t\t\t\t\t\t<section class=\"elementor-section elementor-top-section elementor-element elementor-element-24e205d elementor-section-boxed elementor-section-height-default elementor-section-height-default\" data-id=\"24e205d\" data-element_type=\"section\" data-e-type=\"section\">\n\t\t\t\t\t\t<div class=\"elementor-container elementor-column-gap-default\">\n\t\t\t\t\t<div class=\"elementor-column elementor-col-100 elementor-top-column elementor-element elementor-element-90bb235\" data-id=\"90bb235\" data-element_type=\"column\" data-e-type=\"column\">\n\t\t\t<div class=\"elementor-widget-wrap elementor-element-populated\">\n\t\t\t\t\t\t<div class=\"elementor-element elementor-element-40d61a3 elementor-widget elementor-widget-heading\" data-id=\"40d61a3\" data-element_type=\"widget\" data-e-type=\"widget\" data-widget_type=\"heading.default\">\n\t\t\t\t<div class=\"elementor-widget-container\">\n\t\t\t\t\t<h1 class=\"elementor-heading-title elementor-size-xxl\">ZAPISY ON-LINE<\/h1>\t\t\t\t<\/div>\n\t\t\t\t<\/div>\n\t\t\t\t<div class=\"elementor-element elementor-element-0804df7 elementor-arrows-position-inside elementor-pagination-position-outside elementor-widget elementor-widget-image-carousel\" data-id=\"0804df7\" data-element_type=\"widget\" data-e-type=\"widget\" data-settings=\"{&quot;navigation&quot;:&quot;both&quot;,&quot;autoplay&quot;:&quot;yes&quot;,&quot;pause_on_hover&quot;:&quot;yes&quot;,&quot;pause_on_interaction&quot;:&quot;yes&quot;,&quot;autoplay_speed&quot;:5000,&quot;infinite&quot;:&quot;yes&quot;,&quot;speed&quot;:500}\" data-widget_type=\"image-carousel.default\">\n\t\t\t\t<div class=\"elementor-widget-container\">\n\t\t\t\t\t\t\t<div class=\"elementor-image-carousel-wrapper swiper\" role=\"region\" aria-roledescription=\"carousel\" aria-label=\"Karuzela obrazk\u00f3w\" dir=\"ltr\">\n\t\t\t<div class=\"elementor-image-carousel swiper-wrapper\" aria-live=\"off\">\n\t\t\t\t\t\t\t\t<div class=\"swiper-slide\" role=\"group\" aria-roledescription=\"slide\" aria-label=\"1 z 1\"><figure class=\"swiper-slide-inner\"><img decoding=\"async\" class=\"swiper-slide-image\" src=\"http:\/\/auto-mobil.com.pl\/wp-content\/uploads\/2020\/04\/swift-1.jpg\" alt=\"swift\" \/><\/figure><\/div>\t\t\t<\/div>\n\t\t\t\t\t<\/div>\n\t\t\t\t\t\t<\/div>\n\t\t\t\t<\/div>\n\t\t\t\t\t<\/div>\n\t\t<\/div>\n\t\t\t\t\t<\/div>\n\t\t<\/section>\n\t\t\t\t<section class=\"elementor-section elementor-top-section elementor-element elementor-element-57a0ccb elementor-section-boxed elementor-section-height-default elementor-section-height-default\" data-id=\"57a0ccb\" data-element_type=\"section\" data-e-type=\"section\">\n\t\t\t\t\t\t<div class=\"elementor-container elementor-column-gap-default\">\n\t\t\t\t\t<div class=\"elementor-column elementor-col-100 elementor-top-column elementor-element elementor-element-7408444\" data-id=\"7408444\" data-element_type=\"column\" data-e-type=\"column\">\n\t\t\t<div class=\"elementor-widget-wrap elementor-element-populated\">\n\t\t\t\t\t\t<div class=\"elementor-element elementor-element-10ef1a6 elementor-widget elementor-widget-heading\" data-id=\"10ef1a6\" data-element_type=\"widget\" data-e-type=\"widget\" data-widget_type=\"heading.default\">\n\t\t\t\t<div class=\"elementor-widget-container\">\n\t\t\t\t\t<h2 class=\"elementor-heading-title elementor-size-default\">FORMULARZ ZG\u0141OSZENIOWY<\/h2>\t\t\t\t<\/div>\n\t\t\t\t<\/div>\n\t\t\t\t<div class=\"elementor-element elementor-element-a2dd2b5 elementor-widget elementor-widget-heading\" data-id=\"a2dd2b5\" data-element_type=\"widget\" data-e-type=\"widget\" data-widget_type=\"heading.default\">\n\t\t\t\t<div class=\"elementor-widget-container\">\n\t\t\t\t\t<p class=\"elementor-heading-title elementor-size-default\">Je\u015bli chcesz si\u0119 zapisa\u0107 na kurs nauki jazdy organizowany przez nasz o\u015brodek, wype\u0142nij poni\u017cszy formularz, a my skontaktujemy sie z Tob\u0105!<\/p>\t\t\t\t<\/div>\n\t\t\t\t<\/div>\n\t\t\t\t\t<\/div>\n\t\t<\/div>\n\t\t\t\t\t<\/div>\n\t\t<\/section>\n\t\t\t\t<section class=\"elementor-section elementor-top-section elementor-element elementor-element-02ba9b2 elementor-section-boxed elementor-section-height-default elementor-section-height-default\" data-id=\"02ba9b2\" data-element_type=\"section\" data-e-type=\"section\">\n\t\t\t\t\t\t<div class=\"elementor-container elementor-column-gap-default\">\n\t\t\t\t\t<div class=\"elementor-column elementor-col-100 elementor-top-column elementor-element elementor-element-7015f9d\" data-id=\"7015f9d\" data-element_type=\"column\" data-e-type=\"column\">\n\t\t\t<div class=\"elementor-widget-wrap elementor-element-populated\">\n\t\t\t\t\t\t<div class=\"elementor-element elementor-element-01f402e elementor-button-align-center elementor-widget elementor-widget-form\" data-id=\"01f402e\" data-element_type=\"widget\" data-e-type=\"widget\" data-settings=\"{&quot;button_width&quot;:&quot;100&quot;,&quot;step_next_label&quot;:&quot;Nast\\u0119pny&quot;,&quot;step_previous_label&quot;:&quot;Poprzedni&quot;,&quot;step_type&quot;:&quot;number_text&quot;,&quot;step_icon_shape&quot;:&quot;circle&quot;}\" data-widget_type=\"form.default\">\n\t\t\t\t<div class=\"elementor-widget-container\">\n\t\t\t\t\t\t\t<form class=\"elementor-form\" method=\"post\" name=\"New Form\" aria-label=\"New Form\">\n\t\t\t<input type=\"hidden\" name=\"post_id\" value=\"6\"\/>\n\t\t\t<input type=\"hidden\" name=\"form_id\" value=\"01f402e\"\/>\n\t\t\t<input type=\"hidden\" name=\"referer_title\" value=\"ZAPISY ON-LINE\" \/>\n\n\t\t\t\t\t\t\t<input type=\"hidden\" name=\"queried_id\" value=\"6\"\/>\n\t\t\t\n\t\t\t<div class=\"elementor-form-fields-wrapper elementor-labels-above\">\n\t\t\t\t\t\t\t\t<div class=\"elementor-field-type-text elementor-field-group elementor-column elementor-field-group-name elementor-col-100 elementor-field-required elementor-mark-required\">\n\t\t\t\t\t\t\t\t\t\t\t\t<label for=\"form-field-name\" class=\"elementor-field-label\">\n\t\t\t\t\t\t\t\tImi\u0119\t\t\t\t\t\t\t<\/label>\n\t\t\t\t\t\t\t\t\t\t\t\t\t\t<input size=\"1\" type=\"text\" name=\"form_fields[name]\" id=\"form-field-name\" class=\"elementor-field elementor-size-md  elementor-field-textual\" placeholder=\"Imi\u0119\" required=\"required\">\n\t\t\t\t\t\t\t\t\t\t\t<\/div>\n\t\t\t\t\t\t\t\t<div class=\"elementor-field-type-text elementor-field-group elementor-column elementor-field-group-field_e1ebdd3 elementor-col-100 elementor-field-required elementor-mark-required\">\n\t\t\t\t\t\t\t\t\t\t\t\t<label for=\"form-field-field_e1ebdd3\" class=\"elementor-field-label\">\n\t\t\t\t\t\t\t\tNazwisko\t\t\t\t\t\t\t<\/label>\n\t\t\t\t\t\t\t\t\t\t\t\t\t\t<input size=\"1\" type=\"text\" name=\"form_fields[field_e1ebdd3]\" id=\"form-field-field_e1ebdd3\" class=\"elementor-field elementor-size-md  elementor-field-textual\" placeholder=\"Nazwisko\" required=\"required\">\n\t\t\t\t\t\t\t\t\t\t\t<\/div>\n\t\t\t\t\t\t\t\t<div class=\"elementor-field-type-email elementor-field-group elementor-column elementor-field-group-email elementor-col-100 elementor-field-required elementor-mark-required\">\n\t\t\t\t\t\t\t\t\t\t\t\t<label for=\"form-field-email\" class=\"elementor-field-label\">\n\t\t\t\t\t\t\t\tEmail\t\t\t\t\t\t\t<\/label>\n\t\t\t\t\t\t\t\t\t\t\t\t\t\t<input size=\"1\" type=\"email\" name=\"form_fields[email]\" id=\"form-field-email\" class=\"elementor-field elementor-size-md  elementor-field-textual\" placeholder=\"Email\" required=\"required\">\n\t\t\t\t\t\t\t\t\t\t\t<\/div>\n\t\t\t\t\t\t\t\t<div class=\"elementor-field-type-tel elementor-field-group elementor-column elementor-field-group-field_863d8c5 elementor-col-100 elementor-field-required elementor-mark-required\">\n\t\t\t\t\t\t\t\t\t\t\t\t<label for=\"form-field-field_863d8c5\" class=\"elementor-field-label\">\n\t\t\t\t\t\t\t\tTelefon\t\t\t\t\t\t\t<\/label>\n\t\t\t\t\t\t\t\t<input size=\"1\" type=\"tel\" name=\"form_fields[field_863d8c5]\" id=\"form-field-field_863d8c5\" class=\"elementor-field elementor-size-md  elementor-field-textual\" placeholder=\"Telefon\" required=\"required\" pattern=\"[0-9()#&amp;+*-=.]+\" title=\"Akceptowane s\u0105 jedynie cyfry i znaki telefoniczne (#,-,*).\">\n\n\t\t\t\t\t\t<\/div>\n\t\t\t\t\t\t\t\t<div class=\"elementor-field-type-text elementor-field-group elementor-column elementor-field-group-field_fa1a2d6 elementor-col-100\">\n\t\t\t\t\t\t\t\t\t\t\t\t<label for=\"form-field-field_fa1a2d6\" class=\"elementor-field-label\">\n\t\t\t\t\t\t\t\tAdres\t\t\t\t\t\t\t<\/label>\n\t\t\t\t\t\t\t\t\t\t\t\t\t\t<input size=\"1\" type=\"text\" name=\"form_fields[field_fa1a2d6]\" id=\"form-field-field_fa1a2d6\" class=\"elementor-field elementor-size-md  elementor-field-textual\" placeholder=\"Adres\">\n\t\t\t\t\t\t\t\t\t\t\t<\/div>\n\t\t\t\t\t\t\t\t<div class=\"elementor-field-type-text elementor-field-group elementor-column elementor-field-group-field_f9f16ce elementor-col-100\">\n\t\t\t\t\t\t\t\t\t\t\t\t<label for=\"form-field-field_f9f16ce\" class=\"elementor-field-label\">\n\t\t\t\t\t\t\t\tPESEL\t\t\t\t\t\t\t<\/label>\n\t\t\t\t\t\t\t\t\t\t\t\t\t\t<input size=\"1\" type=\"text\" name=\"form_fields[field_f9f16ce]\" id=\"form-field-field_f9f16ce\" class=\"elementor-field elementor-size-md  elementor-field-textual\" placeholder=\"PESEL\">\n\t\t\t\t\t\t\t\t\t\t\t<\/div>\n\t\t\t\t\t\t\t\t<div class=\"elementor-field-type-checkbox elementor-field-group elementor-column elementor-field-group-field_5dba0ea elementor-col-100\">\n\t\t\t\t\t\t\t\t\t\t\t\t<label for=\"form-field-field_5dba0ea\" class=\"elementor-field-label\">\n\t\t\t\t\t\t\t\tKategoria\t\t\t\t\t\t\t<\/label>\n\t\t\t\t\t\t<div class=\"elementor-field-subgroup  elementor-subgroup-inline\"><span class=\"elementor-field-option\"><input type=\"checkbox\" value=\"AM\" id=\"form-field-field_5dba0ea-0\" name=\"form_fields[field_5dba0ea][]\"> <label for=\"form-field-field_5dba0ea-0\">AM<\/label><\/span><span class=\"elementor-field-option\"><input type=\"checkbox\" value=\"A1 \" id=\"form-field-field_5dba0ea-1\" name=\"form_fields[field_5dba0ea][]\"> <label for=\"form-field-field_5dba0ea-1\">A1 <\/label><\/span><span class=\"elementor-field-option\"><input type=\"checkbox\" value=\"A2\" id=\"form-field-field_5dba0ea-2\" name=\"form_fields[field_5dba0ea][]\"> <label for=\"form-field-field_5dba0ea-2\">A2<\/label><\/span><span class=\"elementor-field-option\"><input type=\"checkbox\" value=\"A\" id=\"form-field-field_5dba0ea-3\" name=\"form_fields[field_5dba0ea][]\"> <label for=\"form-field-field_5dba0ea-3\">A<\/label><\/span><span class=\"elementor-field-option\"><input type=\"checkbox\" value=\"B1 \" id=\"form-field-field_5dba0ea-4\" name=\"form_fields[field_5dba0ea][]\"> <label for=\"form-field-field_5dba0ea-4\">B1 <\/label><\/span><span class=\"elementor-field-option\"><input type=\"checkbox\" value=\"B\" id=\"form-field-field_5dba0ea-5\" name=\"form_fields[field_5dba0ea][]\"> <label for=\"form-field-field_5dba0ea-5\">B<\/label><\/span><span class=\"elementor-field-option\"><input type=\"checkbox\" value=\"B+E\" id=\"form-field-field_5dba0ea-6\" name=\"form_fields[field_5dba0ea][]\"> <label for=\"form-field-field_5dba0ea-6\">B+E<\/label><\/span><span class=\"elementor-field-option\"><input type=\"checkbox\" value=\"C\" id=\"form-field-field_5dba0ea-7\" name=\"form_fields[field_5dba0ea][]\"> <label for=\"form-field-field_5dba0ea-7\">C<\/label><\/span><span class=\"elementor-field-option\"><input type=\"checkbox\" value=\"C+E\" id=\"form-field-field_5dba0ea-8\" name=\"form_fields[field_5dba0ea][]\"> <label for=\"form-field-field_5dba0ea-8\">C+E<\/label><\/span><span class=\"elementor-field-option\"><input type=\"checkbox\" value=\"T\" id=\"form-field-field_5dba0ea-9\" name=\"form_fields[field_5dba0ea][]\"> <label for=\"form-field-field_5dba0ea-9\">T<\/label><\/span><\/div>\t\t\t\t<\/div>\n\t\t\t\t\t\t\t\t<div class=\"elementor-field-type-acceptance elementor-field-group elementor-column elementor-field-group-field_34db260 elementor-col-100 elementor-field-required elementor-mark-required\">\n\t\t\t\t\t\t\t\t\t\t\t\t<label for=\"form-field-field_34db260\" class=\"elementor-field-label\">\n\t\t\t\t\t\t\t\tZgoda na przetwarzanie danych osobowych\t\t\t\t\t\t\t<\/label>\n\t\t\t\t\t\t\t\t<div class=\"elementor-field-subgroup\">\n\t\t\t<span class=\"elementor-field-option\">\n\t\t\t\t<input type=\"checkbox\" name=\"form_fields[field_34db260]\" id=\"form-field-field_34db260\" class=\"elementor-field elementor-size-md  elementor-acceptance-field\" required=\"required\">\n\t\t\t\t<label for=\"form-field-field_34db260\">Wyra\u017cam zgod\u0119 na przetwarzanie przez \"Auto-Mobil\" OSK Zasadzi\u0144ski Henryk moich danych osobowych w celach wy\u0142\u0105cznie zapisu na szkolenie nauki jazdy oraz na przesy\u0142anie informacji handlowych drog\u0105 elektroniczn\u0105, w szczeg\u00f3lno\u015bci na potrzeby przygotowania dla mnie oferty przez \"Auto-Mobil\" OSK Zasadzi\u0144ski Henryk. Zosta\u0142am\/em poinformowana\/y, i\u017c administratorem moich danych osobowych jest \"Auto-Mobil\" OSK Zasadzi\u0144ski Henryk z siedzib\u0105 w Mi\u0119dzyrzecu Podlaskim przy ulicy Pocztowa 7a oraz \u017ce udost\u0119pnienie danych jest dobrowolne, mam prawo wgl\u0105du do tre\u015bci danych oraz \u017c\u0105dania ich poprawienia b\u0105d\u017a usuni\u0119cia.<\/label>\t\t\t<\/span>\n\t\t<\/div>\n\t\t\t\t\t\t<\/div>\n\t\t\t\t\t\t\t\t<div class=\"elementor-field-group elementor-column elementor-field-type-submit elementor-col-100 e-form__buttons\">\n\t\t\t\t\t<button class=\"elementor-button elementor-size-lg elementor-animation-pulse-shrink\" type=\"submit\">\n\t\t\t\t\t\t<span class=\"elementor-button-content-wrapper\">\n\t\t\t\t\t\t\t\t\t\t\t\t\t\t\t\t\t\t\t\t\t\t<span class=\"elementor-button-text\">Wy\u015blij Zg\u0142oszenie<\/span>\n\t\t\t\t\t\t\t\t\t\t\t\t\t<\/span>\n\t\t\t\t\t<\/button>\n\t\t\t\t<\/div>\n\t\t\t<\/div>\n\t\t<\/form>\n\t\t\t\t\t\t<\/div>\n\t\t\t\t<\/div>\n\t\t\t\t\t<\/div>\n\t\t<\/div>\n\t\t\t\t\t<\/div>\n\t\t<\/section>\n\t\t\t\t<\/div>\n\t\t","protected":false},"excerpt":{"rendered":"<p>ZAPISY ON-LINE FORMULARZ ZG\u0141OSZENIOWY Je\u015bli chcesz si\u0119 zapisa\u0107 na kurs nauki jazdy organizowany przez nasz o\u015brodek, wype\u0142nij poni\u017cszy formularz, a my skontaktujemy sie z Tob\u0105!<\/p>\n","protected":false},"author":1,"featured_media":0,"parent":0,"menu_order":0,"comment_status":"closed","ping_status":"closed","template":"","meta":{"footnotes":""},"class_list":["post-6","page","type-page","status-publish","hentry"],"_links":{"self":[{"href":"http:\/\/auto-mobil.com.pl\/index.php\/wp-json\/wp\/v2\/pages\/6","targetHints":{"allow":["GET"]}}],"collection":[{"href":"http:\/\/auto-mobil.com.pl\/index.php\/wp-json\/wp\/v2\/pages"}],"about":[{"href":"http:\/\/auto-mobil.com.pl\/index.php\/wp-json\/wp\/v2\/types\/page"}],"author":[{"embeddable":true,"href":"http:\/\/auto-mobil.com.pl\/index.php\/wp-json\/wp\/v2\/users\/1"}],"replies":[{"embeddable":true,"href":"http:\/\/auto-mobil.com.pl\/index.php\/wp-json\/wp\/v2\/comments?post=6"}],"version-history":[{"count":36,"href":"http:\/\/auto-mobil.com.pl\/index.php\/wp-json\/wp\/v2\/pages\/6\/revisions"}],"predecessor-version":[{"id":145,"href":"http:\/\/auto-mobil.com.pl\/index.php\/wp-json\/wp\/v2\/pages\/6\/revisions\/145"}],"wp:attachment":[{"href":"http:\/\/auto-mobil.com.pl\/index.php\/wp-json\/wp\/v2\/media?parent=6"}],"curies":[{"name":"wp","href":"https:\/\/api.w.org\/{rel}","templated":true}]}}